{"id":257,"date":"2021-05-25T08:56:52","date_gmt":"2021-05-25T08:56:52","guid":{"rendered":"http:\/\/www.portadafrente.pt\/ebook\/?page_id=257"},"modified":"2021-05-26T10:00:43","modified_gmt":"2021-05-26T10:00:43","slug":"edicao-especial-de-25-anos","status":"publish","type":"page","link":"https:\/\/www.portadafrente.pt\/ebook\/edicao-especial-de-25-anos\/","title":{"rendered":"Edi\u00e7\u00e3o especial de 25 anos"},"content":{"rendered":"<p>[et_pb_section fb_built=&#8221;1&#8243; module_id=&#8221;top&#8221; _builder_version=&#8221;3.26.6&#8243; background_image=&#8221;https:\/\/www.portadafrente.pt\/ebook\/wp-content\/uploads\/2021\/05\/blur.jpg&#8221; hover_enabled=&#8221;0&#8243; sticky_enabled=&#8221;0&#8243;][et_pb_row column_structure=&#8221;1_2,1_2&#8243; module_class=&#8221;row-ebook&#8221; _builder_version=&#8221;3.26.6&#8243; custom_margin=&#8221;0px||0px||false|false&#8221; custom_padding=&#8221;0px||0px||false|false&#8221;][et_pb_column type=&#8221;1_2&#8243; _builder_version=&#8221;3.26.6&#8243;][et_pb_image src=&#8221;https:\/\/www.portadafrente.pt\/ebook\/wp-content\/uploads\/2021\/05\/ebook_25anos.png&#8221; _builder_version=&#8221;3.26.6&#8243; animation_style=&#8221;fold&#8221;][\/et_pb_image][\/et_pb_column][et_pb_column type=&#8221;1_2&#8243; _builder_version=&#8221;3.26.6&#8243; background_color=&#8221;rgba(0,0,0,0.5)&#8221; custom_padding=&#8221;30px|30px|30px|30px|true|false&#8221; animation_style=&#8221;zoom&#8221; animation_delay=&#8221;500ms&#8221; border_radii=&#8221;on|15px|15px|15px|15px&#8221;][et_pb_text _builder_version=&#8221;3.27.4&#8243; text_text_color=&#8221;#ffffff&#8221; text_font_size=&#8221;16px&#8221; text_line_height=&#8221;1.4em&#8221; header_font=&#8221;|700|||||||&#8221; header_text_align=&#8221;center&#8221; header_text_color=&#8221;#ffffff&#8221; header_line_height=&#8221;1.2em&#8221; background_layout=&#8221;dark&#8221; custom_margin=&#8221;||15px|||&#8221;]<\/p>\n<h1>Edi\u00e7\u00e3o especial de 25 anos<\/h1>\n<p>[\/et_pb_text][et_pb_text _builder_version=&#8221;4.9.4&#8243; text_text_color=&#8221;#ffffff&#8221; text_line_height=&#8221;1.6em&#8221; header_font=&#8221;|700|||||||&#8221; header_text_color=&#8221;#ffffff&#8221; header_line_height=&#8221;1.2em&#8221; text_orientation=&#8221;center&#8221; background_layout=&#8221;dark&#8221; text_text_align=&#8221;center&#8221;]<\/p>\n<p><span>Este \u00e9 um n\u00famero recheado de surpresas, com artigos exclusivos sobre a hist\u00f3ria e percurso da Porta da Frente Christie\u2019s, n\u00e3o esquecendo os momentos de destaque do mercado imobili\u00e1rio portugu\u00eas desde as \u00faltimas d\u00e9cadas at\u00e9 \u00e0 atualidade.<\/span><\/p>\n<p>[\/et_pb_text][et_pb_code _builder_version=&#8221;4.9.4&#8243; hover_enabled=&#8221;0&#8243; sticky_enabled=&#8221;0&#8243;]<script><!-- [et_pb_line_break_holder] -->function validateForm() {<!-- [et_pb_line_break_holder] -->  var x = document.forms[\"FormHandler\"][\"pardot_extra_field\"].value;<!-- [et_pb_line_break_holder] -->  var y = document.forms[\"FormHandler\"][\"email\"].value;<!-- [et_pb_line_break_holder] -->  var mailformat = \/^[a-zA-Z0-9.!#$%&'*+\/=?^_`{|}~-]+@[a-zA-Z0-9-]+(?:\\.[a-zA-Z0-9-]+)*$\/;<!-- [et_pb_line_break_holder] --><!-- [et_pb_line_break_holder] -->if(y.match(mailformat))<!-- [et_pb_line_break_holder] -->{<!-- [et_pb_line_break_holder] --> if (x == \"\" || x == null) {<!-- [et_pb_line_break_holder] -->    return true;<!-- [et_pb_line_break_holder] -->  }<!-- [et_pb_line_break_holder] -->  else {<!-- [et_pb_line_break_holder] -->  \talert(\"SPAM DETECTED\");<!-- [et_pb_line_break_holder] -->  \treturn false;<!-- [et_pb_line_break_holder] -->  }<!-- [et_pb_line_break_holder] -->}<!-- [et_pb_line_break_holder] -->else<!-- [et_pb_line_break_holder] -->{<!-- [et_pb_line_break_holder] -->alert(\"E-mail inv\u00e1lido\");<!-- [et_pb_line_break_holder] -->return false;<!-- [et_pb_line_break_holder] -->}<!-- [et_pb_line_break_holder] -->}<!-- [et_pb_line_break_holder] --><\/script><!-- [et_pb_line_break_holder] --><!-- [et_pb_line_break_holder] --><\/p>\n<form name=\"FormHandler\" action=\"https:\/\/go.portadafrente.com\/l\/597781\/2021-05-26\/22vn98d\" method=\"post\" onsubmit=\"return validateForm()\"><!-- [et_pb_line_break_holder] --><!-- [et_pb_line_break_holder] --><\/p>\n<fieldset><!-- [et_pb_line_break_holder] --><!-- [et_pb_line_break_holder] --><!-- Text input--><!-- [et_pb_line_break_holder] --><\/p>\n<div class=\"form-group\"><!-- [et_pb_line_break_holder] -->  <input id=\"\" name=\"name\" type=\"text\" placeholder=\"Nome\" class=\"form-control form-size form-left\" required=\"\"><!-- [et_pb_line_break_holder] --><\/div>\n<p><!-- [et_pb_line_break_holder] --><!-- [et_pb_line_break_holder] --><!-- Text input--><!-- [et_pb_line_break_holder] --><\/p>\n<div class=\"form-group\"><!-- [et_pb_line_break_holder] -->  <input id=\"\" name=\"email\" type=\"text\" placeholder=\"E-mail\" class=\"form-control form-size form-right\" required=\"\"><!-- [et_pb_line_break_holder] --><\/div>\n<p><!-- [et_pb_line_break_holder] --><!-- [et_pb_line_break_holder] --><\/p>\n<div style=\"position:absolute; left:-9999px; top: -9999px;\"><!-- [et_pb_line_break_holder] --><input type=\"text\" id=\"\" name=\"pardot_extra_field\"><!-- [et_pb_line_break_holder] --><\/div>\n<p><!-- [et_pb_line_break_holder] --><!-- [et_pb_line_break_holder] -->  <!-- Button --><!-- [et_pb_line_break_holder] --><\/p>\n<div class=\"form-group\"><!-- [et_pb_line_break_holder] -->  <input id=\"\" name=\"language\" value=\"Portugu\u00eas\" type=\"text\" placeholder=\"\" class=\"form-hidden\"><!-- [et_pb_line_break_holder] -->  <button  id=\"btn-submit-form\" name=\"submit\" type=\"submit\" class=\"btn-ebook\" onclick=\"dataLayer.push({'event': 'conversion'});\">DESCARREGUE J\u00c1<\/button><!-- [et_pb_line_break_holder] --><\/div>\n<p><!-- [et_pb_line_break_holder] --><!-- [et_pb_line_break_holder] --><\/fieldset>\n<p><!-- [et_pb_line_break_holder] --><\/form>\n<p><!-- [et_pb_line_break_holder] -->[\/et_pb_code][\/et_pb_column][\/et_pb_row][\/et_pb_section][et_pb_section fb_built=&#8221;1&#8243; _builder_version=&#8221;3.26.6&#8243; animation_style=&#8221;fade&#8221; animation_delay=&#8221;1000ms&#8221;][et_pb_row _builder_version=&#8221;3.26.6&#8243; custom_padding=&#8221;0px||40px|||&#8221;][et_pb_column type=&#8221;4_4&#8243; _builder_version=&#8221;3.26.6&#8243;][et_pb_text _builder_version=&#8221;4.9.4&#8243; header_font=&#8221;|700|||||||&#8221; header_text_align=&#8221;center&#8221; header_text_color=&#8221;#620024&#8243;]<\/p>\n<h1><span>Aceda a artigos exclusivos de uma hist\u00f3ria que tamb\u00e9m \u00e9 sua!<\/span><\/h1>\n<p>[\/et_pb_text][\/et_pb_column][\/et_pb_row][et_pb_row column_structure=&#8221;1_2,1_2&#8243; use_custom_gutter=&#8221;on&#8221; _builder_version=&#8221;3.26.6&#8243; max_width=&#8221;70%&#8221; max_width_tablet=&#8221;&#8221; max_width_phone=&#8221;100%&#8221; max_width_last_edited=&#8221;on|desktop&#8221; custom_padding=&#8221;0px||0px|||&#8221;][et_pb_column type=&#8221;1_2&#8243; _builder_version=&#8221;3.26.6&#8243;][et_pb_text ol_position=&#8221;outside&#8221; _builder_version=&#8221;4.9.4&#8243; text_font=&#8221;||||||||&#8221; text_text_color=&#8221;#000000&#8243; text_line_height=&#8221;1em&#8221; ol_font_size=&#8221;16px&#8221; ol_line_height=&#8221;3em&#8221; ol_font_size_tablet=&#8221;&#8221; ol_font_size_phone=&#8221;12px&#8221; ol_font_size_last_edited=&#8221;on|phone&#8221; text_text_align=&#8221;left&#8221;]<\/p>\n<ol class=\"list1\">\n<li>25 anos de hist\u00f3rias para contar<\/li>\n<li>O privil\u00e9gio do atendimento ao cliente<\/li>\n<li>Christie\u2019s International Real Estate: uma afilia\u00e7\u00e3o de prest\u00edgio e exclusividade<\/li>\n<li>Lisboa, Oeiras e Cascais: Uma aventura com 25 anos<\/li>\n<li>Os melhores parceiros imobili\u00e1rios em duas d\u00e9cadas<\/li>\n<\/ol>\n<p>[\/et_pb_text][\/et_pb_column][et_pb_column type=&#8221;1_2&#8243; _builder_version=&#8221;3.26.6&#8243;][et_pb_text ol_position=&#8221;outside&#8221; module_id=&#8221;list-2&#8243; _builder_version=&#8221;4.9.4&#8243; ol_font_size=&#8221;16px&#8221; ol_line_height=&#8221;3em&#8221; custom_margin_tablet=&#8221;-30px||0px||false|false&#8221; custom_margin_phone=&#8221;&#8221; custom_margin_last_edited=&#8221;on|tablet&#8221; custom_padding=&#8221;0px||0px||false|false&#8221; ol_font_size_tablet=&#8221;&#8221; ol_font_size_phone=&#8221;12px&#8221; ol_font_size_last_edited=&#8221;on|phone&#8221; locked=&#8221;off&#8221;]<\/p>\n<ol class=\"list2\">\n<li>Avenida da Liberdade: O requinte com assinatura portuguesa<\/li>\n<li>Frederico Valsassina: 35 anos de Arquitetura de excel\u00eancia<\/li>\n<li>Oeiras:\u00a0Onde o mar e a modernidade se fundem com o futuro no horizonte<\/li>\n<li>House Living: o servi\u00e7o de gest\u00e3o de im\u00f3veis mais exclusivo do mercado<\/li>\n<li>Empreendimentos e im\u00f3veis \u00fanicos<\/li>\n<\/ol>\n<p>[\/et_pb_text][\/et_pb_column][\/et_pb_row][et_pb_row _builder_version=&#8221;3.26.6&#8243; custom_padding=&#8221;||0px|||&#8221;][et_pb_column type=&#8221;4_4&#8243; _builder_version=&#8221;3.26.6&#8243;][et_pb_button button_url=&#8221;#top&#8221; button_text=&#8221;GARANTA J\u00c1 O SEU E-BOOK&#8221; button_alignment=&#8221;center&#8221; _builder_version=&#8221;3.26.6&#8243; custom_button=&#8221;on&#8221; button_text_color=&#8221;#ffffff&#8221; button_bg_color=&#8221;#000000&#8243; button_border_width=&#8221;0px&#8221; button_border_radius=&#8221;10px&#8221; button_icon=&#8221;%%17%%&#8221; button_on_hover=&#8221;off&#8221; hover_enabled=&#8221;0&#8243; button_border_width__hover_enabled=&#8221;off&#8221; sticky_enabled=&#8221;0&#8243;][\/et_pb_button][\/et_pb_column][\/et_pb_row][\/et_pb_section][et_pb_section fb_built=&#8221;1&#8243; _builder_version=&#8221;3.26.6&#8243; background_color=&#8221;#620024&#8243; custom_padding=&#8221;||50px||false|false&#8221;][et_pb_row column_structure=&#8221;1_4,3_4&#8243; make_equal=&#8221;on&#8221; _builder_version=&#8221;3.26.6&#8243; custom_padding=&#8221;0px||0px|||&#8221; animation_style=&#8221;zoom&#8221;][et_pb_column type=&#8221;1_4&#8243; _builder_version=&#8221;3.26.6&#8243;][et_pb_image src=&#8221;https:\/\/www.portadafrente.pt\/ebook\/wp-content\/uploads\/2021\/05\/Ativo-2.png&#8221; align_tablet=&#8221;&#8221; align_phone=&#8221;center&#8221; align_last_edited=&#8221;on|desktop&#8221; _builder_version=&#8221;3.26.6&#8243; max_width=&#8221;180px&#8221;][\/et_pb_image][\/et_pb_column][et_pb_column type=&#8221;3_4&#8243; _builder_version=&#8221;3.26.6&#8243;][et_pb_text _builder_version=&#8221;4.9.4&#8243; text_text_color=&#8221;#ffffff&#8221; header_6_text_color=&#8221;#ffffff&#8221; header_6_font_size=&#8221;11px&#8221; hover_enabled=&#8221;0&#8243; text_orientation_tablet=&#8221;&#8221; text_orientation_phone=&#8221;center&#8221; text_orientation_last_edited=&#8221;on|desktop&#8221; sticky_enabled=&#8221;0&#8243;]<\/p>\n<p><span>A\u00a0<\/span><strong>Porta da Frente Christie\u2019s<\/strong><span>\u00a0\u00e9 uma empresa de media\u00e7\u00e3o imobili\u00e1ria que trabalha no mercado h\u00e1 mais de duas d\u00e9cadas, focando-se nos melhores im\u00f3veis e empreendimentos, quer para venda quer para arrendamento. A empresa foi selecionada pela prestigiada marca Christie\u2019s International Real Estate para representar Portugal, nas zonas de Lisboa, Cascais, Oeiras e Alentejo. A principal miss\u00e3o da\u00a0<\/span><strong>Porta da Frente Christie\u2019s<\/strong><span>\u00a0\u00e9 privilegiar um servi\u00e7o de excel\u00eancia a todos os nossos clientes.<\/span><\/p>\n<p><span><\/span><\/p>\n<h6><span>Porta da Frente &#8211; Soc. de Media\u00e7\u00e3o Imobili\u00e1ria, Lda. AMI: 6335 &#8211; 14\/02\/2005 &#8211; <a href=\"https:\/\/www.portadafrente.pt\/ebook\/politica-de-protecao-de-dados\/\" target=\"_blank\" rel=\"noopener noreferrer\">Leia a nossa pol\u00edtica de prote\u00e7\u00e3o de dados<\/a><\/span><\/h6>\n<p>[\/et_pb_text][\/et_pb_column][\/et_pb_row][\/et_pb_section]<\/p>\n","protected":false},"excerpt":{"rendered":"<p>Edi\u00e7\u00e3o especial de 25 anosEste \u00e9 um n\u00famero recheado de surpresas, com artigos exclusivos sobre a hist\u00f3ria e percurso da Porta da Frente Christie\u2019s, n\u00e3o esquecendo os momentos de destaque do mercado imobili\u00e1rio portugu\u00eas desde as \u00faltimas d\u00e9cadas at\u00e9 \u00e0 atualidade.Aceda a artigos exclusivos de uma hist\u00f3ria que tamb\u00e9m \u00e9 sua! 25 anos de hist\u00f3rias [&hellip;]<\/p>\n","protected":false},"author":1,"featured_media":0,"parent":0,"menu_order":0,"comment_status":"closed","ping_status":"closed","template":"","meta":{"_et_pb_use_builder":"on","_et_pb_old_content":"<!-- wp:divi\/placeholder \/-->","_et_gb_content_width":""},"_links":{"self":[{"href":"https:\/\/www.portadafrente.pt\/ebook\/wp-json\/wp\/v2\/pages\/257"}],"collection":[{"href":"https:\/\/www.portadafrente.pt\/ebook\/wp-json\/wp\/v2\/pages"}],"about":[{"href":"https:\/\/www.portadafrente.pt\/ebook\/wp-json\/wp\/v2\/types\/page"}],"author":[{"embeddable":true,"href":"https:\/\/www.portadafrente.pt\/ebook\/wp-json\/wp\/v2\/users\/1"}],"replies":[{"embeddable":true,"href":"https:\/\/www.portadafrente.pt\/ebook\/wp-json\/wp\/v2\/comments?post=257"}],"version-history":[{"count":9,"href":"https:\/\/www.portadafrente.pt\/ebook\/wp-json\/wp\/v2\/pages\/257\/revisions"}],"predecessor-version":[{"id":282,"href":"https:\/\/www.portadafrente.pt\/ebook\/wp-json\/wp\/v2\/pages\/257\/revisions\/282"}],"wp:attachment":[{"href":"https:\/\/www.portadafrente.pt\/ebook\/wp-json\/wp\/v2\/media?parent=257"}],"curies":[{"name":"wp","href":"https:\/\/api.w.org\/{rel}","templated":true}]}}

Edição especial de 25 anos

<p>[et_pb_section fb_built=&#8221;1&#8243; module_id=&#8221;top&#8221; _builder_version=&#8221;3.26.6&#8243; background_image=&#8221;https://www.portadafrente.pt/ebook/wp-content/uploads/2021/05/blur.jpg&#8221; hover_enabled=&#8221;0&#8243; sticky_enabled=&#8221;0&#8243;][et_pb_row column_structure=&#8221;1_2,1_2&#8243; module_class=&#8221;row-ebook&#8221; _builder_version=&#8221;3.26.6&#8243; custom_margin=&#8221;0px||0px||false|false&#8221; custom_padding=&#8221;0px||0px||false|false&#8221;][et_pb_column type=&#8221;1_2&#8243; _builder_version=&#8221;3.26.6&#8243;][et_pb_image src=&#8221;https://www.portadafrente.pt/ebook/wp-content/uploads/2021/05/ebook_25anos.png&#8221; _builder_version=&#8221;3.26.6&#8243; animation_style=&#8221;fold&#8221;][/et_pb_image][/et_pb_column][et_pb_column type=&#8221;1_2&#8243; _builder_version=&#8221;3.26.6&#8243; background_color=&#8221;rgba(0,0,0,0.5)&#8221; custom_padding=&#8221;30px|30px|30px|30px|true|false&#8221; animation_style=&#8221;zoom&#8221; animation_delay=&#8221;500ms&#8221; border_radii=&#8221;on|15px|15px|15px|15px&#8221;][et_pb_text _builder_version=&#8221;3.27.4&#8243; text_text_color=&#8221;#ffffff&#8221; text_font_size=&#8221;16px&#8221; text_line_height=&#8221;1.4em&#8221; header_font=&#8221;|700|||||||&#8221; header_text_align=&#8221;center&#8221; header_text_color=&#8221;#ffffff&#8221; header_line_height=&#8221;1.2em&#8221; background_layout=&#8221;dark&#8221; custom_margin=&#8221;||15px|||&#8221;]</p>
<h1>Edição especial de 25 anos</h1>
<p>[/et_pb_text][et_pb_text _builder_version=&#8221;4.9.4&#8243; text_text_color=&#8221;#ffffff&#8221; text_line_height=&#8221;1.6em&#8221; header_font=&#8221;|700|||||||&#8221; header_text_color=&#8221;#ffffff&#8221; header_line_height=&#8221;1.2em&#8221; text_orientation=&#8221;center&#8221; background_layout=&#8221;dark&#8221; text_text_align=&#8221;center&#8221;]</p>
<p><span>Este é um número recheado de surpresas, com artigos exclusivos sobre a história e percurso da Porta da Frente Christie’s, não esquecendo os momentos de destaque do mercado imobiliário português desde as últimas décadas até à atualidade.</span></p>
<p>[/et_pb_text][et_pb_code _builder_version=&#8221;4.9.4&#8243; hover_enabled=&#8221;0&#8243; sticky_enabled=&#8221;0&#8243;]<script><!-- [et_pb_line_break_holder] -->function validateForm() {<!-- [et_pb_line_break_holder] -->  var x = document.forms["FormHandler"]["pardot_extra_field"].value;<!-- [et_pb_line_break_holder] -->  var y = document.forms["FormHandler"]["email"].value;<!-- [et_pb_line_break_holder] -->  var mailformat = /^[a-zA-Z0-9.!#$%&'*+/=?^_`{|}~-]+@[a-zA-Z0-9-]+(?:\.[a-zA-Z0-9-]+)*$/;<!-- [et_pb_line_break_holder] --><!-- [et_pb_line_break_holder] -->if(y.match(mailformat))<!-- [et_pb_line_break_holder] -->{<!-- [et_pb_line_break_holder] --> if (x == "" || x == null) {<!-- [et_pb_line_break_holder] -->    return true;<!-- [et_pb_line_break_holder] -->  }<!-- [et_pb_line_break_holder] -->  else {<!-- [et_pb_line_break_holder] -->  	alert("SPAM DETECTED");<!-- [et_pb_line_break_holder] -->  	return false;<!-- [et_pb_line_break_holder] -->  }<!-- [et_pb_line_break_holder] -->}<!-- [et_pb_line_break_holder] -->else<!-- [et_pb_line_break_holder] -->{<!-- [et_pb_line_break_holder] -->alert("E-mail inválido");<!-- [et_pb_line_break_holder] -->return false;<!-- [et_pb_line_break_holder] -->}<!-- [et_pb_line_break_holder] -->}<!-- [et_pb_line_break_holder] --></script><!-- [et_pb_line_break_holder] --><!-- [et_pb_line_break_holder] --></p>
<form name="FormHandler" action="https://go.portadafrente.com/l/597781/2021-05-26/22vn98d" method="post" onsubmit="return validateForm()"><!-- [et_pb_line_break_holder] --><!-- [et_pb_line_break_holder] --></p>
<fieldset><!-- [et_pb_line_break_holder] --><!-- [et_pb_line_break_holder] --><!-- Text input--><!-- [et_pb_line_break_holder] --></p>
<div class="form-group"><!-- [et_pb_line_break_holder] -->  <input id="" name="name" type="text" placeholder="Nome" class="form-control form-size form-left" required=""><!-- [et_pb_line_break_holder] --></div>
<p><!-- [et_pb_line_break_holder] --><!-- [et_pb_line_break_holder] --><!-- Text input--><!-- [et_pb_line_break_holder] --></p>
<div class="form-group"><!-- [et_pb_line_break_holder] -->  <input id="" name="email" type="text" placeholder="E-mail" class="form-control form-size form-right" required=""><!-- [et_pb_line_break_holder] --></div>
<p><!-- [et_pb_line_break_holder] --><!-- [et_pb_line_break_holder] --></p>
<div style="position:absolute; left:-9999px; top: -9999px;"><!-- [et_pb_line_break_holder] --><input type="text" id="" name="pardot_extra_field"><!-- [et_pb_line_break_holder] --></div>
<p><!-- [et_pb_line_break_holder] --><!-- [et_pb_line_break_holder] -->  <!-- Button --><!-- [et_pb_line_break_holder] --></p>
<div class="form-group"><!-- [et_pb_line_break_holder] -->  <input id="" name="language" value="Português" type="text" placeholder="" class="form-hidden"><!-- [et_pb_line_break_holder] -->  <button  id="btn-submit-form" name="submit" type="submit" class="btn-ebook" onclick="dataLayer.push({'event': 'conversion'});">DESCARREGUE JÁ</button><!-- [et_pb_line_break_holder] --></div>
<p><!-- [et_pb_line_break_holder] --><!-- [et_pb_line_break_holder] --></fieldset>
<p><!-- [et_pb_line_break_holder] --></form>
<p><!-- [et_pb_line_break_holder] -->[/et_pb_code][/et_pb_column][/et_pb_row][/et_pb_section][et_pb_section fb_built=&#8221;1&#8243; _builder_version=&#8221;3.26.6&#8243; animation_style=&#8221;fade&#8221; animation_delay=&#8221;1000ms&#8221;][et_pb_row _builder_version=&#8221;3.26.6&#8243; custom_padding=&#8221;0px||40px|||&#8221;][et_pb_column type=&#8221;4_4&#8243; _builder_version=&#8221;3.26.6&#8243;][et_pb_text _builder_version=&#8221;4.9.4&#8243; header_font=&#8221;|700|||||||&#8221; header_text_align=&#8221;center&#8221; header_text_color=&#8221;#620024&#8243;]</p>
<h1><span>Aceda a artigos exclusivos de uma história que também é sua!</span></h1>
<p>[/et_pb_text][/et_pb_column][/et_pb_row][et_pb_row column_structure=&#8221;1_2,1_2&#8243; use_custom_gutter=&#8221;on&#8221; _builder_version=&#8221;3.26.6&#8243; max_width=&#8221;70%&#8221; max_width_tablet=&#8221;&#8221; max_width_phone=&#8221;100%&#8221; max_width_last_edited=&#8221;on|desktop&#8221; custom_padding=&#8221;0px||0px|||&#8221;][et_pb_column type=&#8221;1_2&#8243; _builder_version=&#8221;3.26.6&#8243;][et_pb_text ol_position=&#8221;outside&#8221; _builder_version=&#8221;4.9.4&#8243; text_font=&#8221;||||||||&#8221; text_text_color=&#8221;#000000&#8243; text_line_height=&#8221;1em&#8221; ol_font_size=&#8221;16px&#8221; ol_line_height=&#8221;3em&#8221; ol_font_size_tablet=&#8221;&#8221; ol_font_size_phone=&#8221;12px&#8221; ol_font_size_last_edited=&#8221;on|phone&#8221; text_text_align=&#8221;left&#8221;]</p>
<ol class="list1">
<li>25 anos de histórias para contar</li>
<li>O privilégio do atendimento ao cliente</li>
<li>Christie’s International Real Estate: uma afiliação de prestígio e exclusividade</li>
<li>Lisboa, Oeiras e Cascais: Uma aventura com 25 anos</li>
<li>Os melhores parceiros imobiliários em duas décadas</li>
</ol>
<p>[/et_pb_text][/et_pb_column][et_pb_column type=&#8221;1_2&#8243; _builder_version=&#8221;3.26.6&#8243;][et_pb_text ol_position=&#8221;outside&#8221; module_id=&#8221;list-2&#8243; _builder_version=&#8221;4.9.4&#8243; ol_font_size=&#8221;16px&#8221; ol_line_height=&#8221;3em&#8221; custom_margin_tablet=&#8221;-30px||0px||false|false&#8221; custom_margin_phone=&#8221;&#8221; custom_margin_last_edited=&#8221;on|tablet&#8221; custom_padding=&#8221;0px||0px||false|false&#8221; ol_font_size_tablet=&#8221;&#8221; ol_font_size_phone=&#8221;12px&#8221; ol_font_size_last_edited=&#8221;on|phone&#8221; locked=&#8221;off&#8221;]</p>
<ol class="list2">
<li>Avenida da Liberdade: O requinte com assinatura portuguesa</li>
<li>Frederico Valsassina: 35 anos de Arquitetura de excelência</li>
<li>Oeiras: Onde o mar e a modernidade se fundem com o futuro no horizonte</li>
<li>House Living: o serviço de gestão de imóveis mais exclusivo do mercado</li>
<li>Empreendimentos e imóveis únicos</li>
</ol>
<p>[/et_pb_text][/et_pb_column][/et_pb_row][et_pb_row _builder_version=&#8221;3.26.6&#8243; custom_padding=&#8221;||0px|||&#8221;][et_pb_column type=&#8221;4_4&#8243; _builder_version=&#8221;3.26.6&#8243;][et_pb_button button_url=&#8221;#top&#8221; button_text=&#8221;GARANTA JÁ O SEU E-BOOK&#8221; button_alignment=&#8221;center&#8221; _builder_version=&#8221;3.26.6&#8243; custom_button=&#8221;on&#8221; button_text_color=&#8221;#ffffff&#8221; button_bg_color=&#8221;#000000&#8243; button_border_width=&#8221;0px&#8221; button_border_radius=&#8221;10px&#8221; button_icon=&#8221;%%17%%&#8221; button_on_hover=&#8221;off&#8221; hover_enabled=&#8221;0&#8243; button_border_width__hover_enabled=&#8221;off&#8221; sticky_enabled=&#8221;0&#8243;][/et_pb_button][/et_pb_column][/et_pb_row][/et_pb_section][et_pb_section fb_built=&#8221;1&#8243; _builder_version=&#8221;3.26.6&#8243; background_color=&#8221;#620024&#8243; custom_padding=&#8221;||50px||false|false&#8221;][et_pb_row column_structure=&#8221;1_4,3_4&#8243; make_equal=&#8221;on&#8221; _builder_version=&#8221;3.26.6&#8243; custom_padding=&#8221;0px||0px|||&#8221; animation_style=&#8221;zoom&#8221;][et_pb_column type=&#8221;1_4&#8243; _builder_version=&#8221;3.26.6&#8243;][et_pb_image src=&#8221;https://www.portadafrente.pt/ebook/wp-content/uploads/2021/05/Ativo-2.png&#8221; align_tablet=&#8221;&#8221; align_phone=&#8221;center&#8221; align_last_edited=&#8221;on|desktop&#8221; _builder_version=&#8221;3.26.6&#8243; max_width=&#8221;180px&#8221;][/et_pb_image][/et_pb_column][et_pb_column type=&#8221;3_4&#8243; _builder_version=&#8221;3.26.6&#8243;][et_pb_text _builder_version=&#8221;4.9.4&#8243; text_text_color=&#8221;#ffffff&#8221; header_6_text_color=&#8221;#ffffff&#8221; header_6_font_size=&#8221;11px&#8221; hover_enabled=&#8221;0&#8243; text_orientation_tablet=&#8221;&#8221; text_orientation_phone=&#8221;center&#8221; text_orientation_last_edited=&#8221;on|desktop&#8221; sticky_enabled=&#8221;0&#8243;]</p>
<p><span>A </span><strong>Porta da Frente Christie’s</strong><span> é uma empresa de mediação imobiliária que trabalha no mercado há mais de duas décadas, focando-se nos melhores imóveis e empreendimentos, quer para venda quer para arrendamento. A empresa foi selecionada pela prestigiada marca Christie’s International Real Estate para representar Portugal, nas zonas de Lisboa, Cascais, Oeiras e Alentejo. A principal missão da </span><strong>Porta da Frente Christie’s</strong><span> é privilegiar um serviço de excelência a todos os nossos clientes.</span></p>
<p><span></span></p>
<h6><span>Porta da Frente &#8211; Soc. de Mediação Imobiliária, Lda. AMI: 6335 &#8211; 14/02/2005 &#8211; <a href="https://www.portadafrente.pt/ebook/politica-de-protecao-de-dados/" target="_blank" rel="noopener noreferrer">Leia a nossa política de proteção de dados</a></span></h6>
<p>[/et_pb_text][/et_pb_column][/et_pb_row][/et_pb_section]</p>

<p>Edição especial de 25 anosEste é um número recheado de surpresas, com artigos exclusivos sobre a história e percurso da Porta da Frente Christie’s, não esquecendo os momentos de destaque do mercado imobiliário português desde as últimas décadas até à atualidade.Aceda a artigos exclusivos de uma história que também é sua! 25 anos de histórias [&hellip;]</p>
