{"id":180,"date":"2019-09-04T12:06:27","date_gmt":"2019-09-04T12:06:27","guid":{"rendered":"http:\/\/www.portadafrente.pt\/ebook\/?page_id=180"},"modified":"2019-09-04T12:07:02","modified_gmt":"2019-09-04T12:07:02","slug":"data-protection-policy","status":"publish","type":"page","link":"https:\/\/www.portadafrente.pt\/ebook\/data-protection-policy\/","title":{"rendered":"Data Protection Policy"},"content":{"rendered":"<p>[et_pb_section fb_built=&#8221;1&#8243; _builder_version=&#8221;3.26.6&#8243;][et_pb_row column_structure=&#8221;1_3,2_3&#8243; _builder_version=&#8221;3.26.6&#8243;][et_pb_column type=&#8221;1_3&#8243; _builder_version=&#8221;3.26.6&#8243;][et_pb_code _builder_version=&#8221;3.26.6&#8243;]<svg id=\"Camada_1\" data-name=\"Camada 1\" xmlns=\"http:\/\/www.w3.org\/2000\/svg\" viewBox=\"0 0 289.92 185.64\"><!-- [et_pb_line_break_holder] -->  <\/p>\n<style>.cls-1,.cls-2{fill:#333;}.cls-1{fill-rule:evenodd;}<\/style>\n<p><!-- [et_pb_line_break_holder] -->  <path class=\"cls-1\" d=\"M67.79,144.36c0,.6.28.73.7.73a12.6,12.6,0,0,0,2.8-.32c0-.82-.12-2.08-.12-4.93v-18.3a13.89,13.89,0,0,1,2.28-.17c2.49,0,6,.86,6,5.83,0,4.39-2.85,5.77-5.17,5.77a7,7,0,0,1-1.91-.29,2.42,2.42,0,0,0,.77,1.83,4.43,4.43,0,0,0,2.12.4,7.71,7.71,0,0,0,7.81-7.84c0-5.7-4-7.85-9.68-7.85a41.78,41.78,0,0,0-5.77.49c.15,1.83.15,3.5.15,5.45Zm31-25.55c-7.92,0-12.76,5.94-12.76,13.63,0,5.78,3.58,13,12.93,13,8.46,0,12.74-6.43,12.74-13.55s-4.68-13.1-12.86-13.1Zm-.2,2.08c5.25,0,9.44,4.35,9.44,11.27,0,7.35-3.65,11.22-8.78,11.22-4.88,0-9.56-4-9.56-11.26s3.66-11.23,8.86-11.23Zm20.91,13h1.27c1.74,0,2.75.37,4.47,3.15,1.42,2.42,1.63,3,3.37,5.64,1.18,1.71,2.12,2.44,3.38,2.44a5.38,5.38,0,0,0,2.23-.37v-.12c-.8-.61-2.64-3.05-4.67-6.54-1.79-3.1-2.93-4.6-3.86-5.17,2-.77,5.12-2.85,5.12-6.72,0-5.32-3.41-7-8.58-7a45,45,0,0,0-6.14.57c.08,1.3.08,2.28.08,4.27v13.58c0,3.42,0,5.82-.13,7.45a25.44,25.44,0,0,0,2.78-.13c.52,0,.68-.28.68-1Zm0-12.48a12.63,12.63,0,0,1,2.41-.17c2.68,0,5.36,1.26,5.36,5.25a5.17,5.17,0,0,1-3.25,5.13,18.65,18.65,0,0,1-4.52.32Zm22.21,22.9V121.58H134c-.57,0-.77-.16-.52-.77a4.29,4.29,0,0,1,1.05-1.55c.45.12,1.3.21,6,.21H154a2.27,2.27,0,0,1-1.34,2.11h-7.52V139.8c0,2.81.07,4.15.12,5a14.52,14.52,0,0,1-2.88.32c-.41,0-.62-.13-.62-.73M168,136.47c1.51,3.45,2.23,5.25,3.13,7.36.41,1,.66,1.26,1.18,1.26a9.75,9.75,0,0,0,2.85-.45v-.16c-.73-1.42-1.71-3.95-3.37-7.73s-5.17-12.49-7.09-16.75a.88.88,0,0,0-.89-.7,14.63,14.63,0,0,0-2.49.41l.45,1.1c-1.3,3-8.13,18.66-10.41,23.67v.12a5.58,5.58,0,0,0,2,.49.79.79,0,0,0,.81-.45c.69-1.46,2-4.6,3.54-8.17Zm-9.44-2.16c1.67-4,3-7.28,4.39-10.53.53,1.22,2,4.84,4.32,10.53ZM240.7,144.4c0,.56.28.69.69.69a11.57,11.57,0,0,0,2.81-.32c-.09-3.05-.13-6.47-.13-11.07h7.2c1.35,0,2.32-.2,2.41-2.16h-9.61v-9.93h6.72c1.58,0,2.32,0,2.76-.32a3.1,3.1,0,0,0,.85-1.82H243.79a19.31,19.31,0,0,0-3.21.57c.07.89.12,2.19.12,4.34ZM261,133.94h1.27c1.74,0,2.76.37,4.47,3.15,1.42,2.42,1.63,3,3.38,5.64,1.18,1.71,2.11,2.44,3.37,2.44a5.47,5.47,0,0,0,2.24-.37v-.12c-.82-.61-2.65-3.05-4.67-6.54-1.8-3.1-2.94-4.6-3.87-5.17,1.95-.77,5.12-2.85,5.12-6.72,0-5.32-3.42-7-8.58-7a45.11,45.11,0,0,0-6.14.57c.08,1.3.08,2.28.08,4.27v13.58c0,3.42,0,5.82-.12,7.45a25.47,25.47,0,0,0,2.77-.13c.52,0,.68-.28.68-1Zm0-12.48a12.69,12.69,0,0,1,2.41-.17c2.68,0,5.37,1.26,5.37,5.25a5.17,5.17,0,0,1-3.26,5.13A18.6,18.6,0,0,1,261,132ZM278.65,144l.48.65a39.6,39.6,0,0,0,7.13.45,41.38,41.38,0,0,0,4.88-.17,2.81,2.81,0,0,0,1.74-2.11l0-.08c-1.51.16-4,.2-5.86.2a25.56,25.56,0,0,1-5-.32v-9.76h6.91c1.34,0,2.16-.29,2.44-2.15H282v-9.09h5.69a9.56,9.56,0,0,0,3.09-.24,3,3,0,0,0,.9-1.9H281.37a12.23,12.23,0,0,0-2.8.57c.08,1.5.08,3.17.08,5.07Zm17.73-22.81v16.5c0,3.42,0,5.78-.12,7.41a8.39,8.39,0,0,0,1.87-.17c.57-.12.82-.24.82-1.22V133.17c0-2.08-.05-4.32-.21-9.31,1.59,2.64,3.26,5.08,4.76,7.36,3.42,4.68,7.41,10.17,10.13,13.91a.82.82,0,0,0,.61.25,6.19,6.19,0,0,0,2.36-.61v-18c0-3.38,0-5.74.12-7.49a12.62,12.62,0,0,0-1.92.17c-.52.08-.8.24-.8,1.17V132c0,2,0,4.56.16,8.83a72.66,72.66,0,0,0-5.09-7.6c-4.19-5.74-8.25-11.52-9.63-13.22-.37-.45-.7-.7-1-.7a28.64,28.64,0,0,0-3.17.33v.12Zm31.85,23.18c0,.6.21.73.61.73a14.62,14.62,0,0,0,2.89-.32c0-.82-.12-2.16-.12-5V121.58h7.52a2.27,2.27,0,0,0,1.34-2.11H327c-4.72,0-5.57-.09-6-.21a4.42,4.42,0,0,0-1.05,1.55c-.25.61-.05.77.52.77h7.77Zm15.09-.37.49.65a39.54,39.54,0,0,0,7.12.45,41.25,41.25,0,0,0,4.88-.17,2.82,2.82,0,0,0,1.75-2.11l0-.08c-1.51.16-4,.2-5.86.2a25.62,25.62,0,0,1-5-.32v-9.76h6.91c1.35,0,2.17-.29,2.45-2.15H346.7v-9.09h5.69a9.52,9.52,0,0,0,3.09-.24,3,3,0,0,0,.9-1.9H346.05a12.32,12.32,0,0,0-2.81.57c.08,1.5.08,3.17.08,5.07Zm-147.38.62a15.89,15.89,0,0,0,3.59.44c4.1,0,7.09-2.35,7.09-6.6,0-2.48-1-6.15-7.15-6.15a21.38,21.38,0,0,0-3.56.34c0,.58,0,1,0,2.33Zm1.66-11.14a10,10,0,0,1,1.71-.11c3.81,0,5.52,2,5.52,5.13,0,4.23-2.61,5.54-5.24,5.54a8.42,8.42,0,0,1-2-.2Zm17.62,7.27,1.54,3.6c.19.5.31.62.57.62a5,5,0,0,0,1.4-.21v-.09c-.36-.69-.84-1.93-1.66-3.78s-2.53-6.12-3.46-8.2c-.08-.2-.17-.35-.44-.35a7.16,7.16,0,0,0-1.21.21l.21.53c-.63,1.5-4,9.14-5.09,11.59v.07a2.84,2.84,0,0,0,1,.23.38.38,0,0,0,.39-.21c.34-.72,1-2.25,1.73-4Zm-4.62-1.05c.82-2,1.48-3.56,2.15-5.16.26.59,1,2.36,2.11,5.16Z\" transform=\"translate(-67.64 -68.32)\"\/><!-- [et_pb_line_break_holder] -->  <path class=\"cls-2\" d=\"M232.14,158.86H182.2V68.32h49.94Zm-47.31-2.64h44.68V71H184.83Z\" transform=\"translate(-67.64 -68.32)\"\/><!-- [et_pb_line_break_holder] -->  <rect class=\"cls-2\" x=\"23.36\" y=\"174.01\" width=\"1.79\" height=\"11.37\"\/><!-- [et_pb_line_break_holder] -->  <path class=\"cls-1\" d=\"M105.15,253.88l-6.7-8.57a4.39,4.39,0,0,1-.56-.88h-.08c0,.23,0,.71,0,1.15v8.12H96.34V242.38l1.91-.14.14.08,5.63,7.42a5.44,5.44,0,0,1,.78,1.19h.07c0-.3,0-.87,0-1.27v-7.34h1.5v11.56Z\" transform=\"translate(-67.64 -68.32)\"\/><!-- [et_pb_line_break_holder] -->  <polygon class=\"cls-1\" points=\"46.79 175.3 46.79 185.37 45 185.37 45 175.3 40.72 175.3 40.72 174 51.05 174 51.05 175.3 46.79 175.3\"\/><!-- [et_pb_line_break_holder] -->  <path class=\"cls-1\" d=\"M127.71,253.7h-7V242.33h6.83v1.27h-5V247H127v1.29h-4.49v3.61c0,.43.22.54.54.54h4.88Z\" transform=\"translate(-67.64 -68.32)\"\/><!-- [et_pb_line_break_holder] -->  <path class=\"cls-1\" d=\"M137.45,253.78l-.12-.08-4.78-5.89h.61c1.5,0,2.93-.6,2.93-2.26s-1.29-2.13-3-2.13h-1V253.7h-1.8V242.32h3.48c1.95,0,4.27.42,4.27,2.92a3.33,3.33,0,0,1-2.82,3.15l4.43,5.25Z\" transform=\"translate(-67.64 -68.32)\"\/><!-- [et_pb_line_break_holder] -->  <path class=\"cls-1\" d=\"M150.45,253.88l-6.69-8.57a3.66,3.66,0,0,1-.56-.88h-.08c0,.23,0,.71,0,1.15v8.12h-1.5V242.38l1.92-.14.14.08,5.63,7.42a5.86,5.86,0,0,1,.79,1.19h.07c0-.3,0-.87,0-1.27v-7.34h1.5v11.56Z\" transform=\"translate(-67.64 -68.32)\"\/><!-- [et_pb_line_break_holder] -->  <path class=\"cls-1\" d=\"M159.48,245.39a5.65,5.65,0,0,1-.43-1.45H159a6.12,6.12,0,0,1-.47,1.49L157,249h3.85Zm3.28,8.39h0l-.14-.08-1.34-3.56h-4.71l-1.47,3.56-.15.08-1.37-.13,5-11.63h1.37l4.59,11.63Z\" transform=\"translate(-67.64 -68.32)\"\/><!-- [et_pb_line_break_holder] -->  <polygon class=\"cls-1\" points=\"102.11 175.3 102.11 185.37 100.32 185.37 100.32 175.3 96.05 175.3 96.05 174 106.36 174 106.36 175.3 102.11 175.3\"\/><!-- [et_pb_line_break_holder] -->  <rect class=\"cls-2\" x=\"108.41\" y=\"174.01\" width=\"1.79\" height=\"11.37\"\/><!-- [et_pb_line_break_holder] -->  <path class=\"cls-1\" d=\"M186.12,243.23c-1.81,0-3.84,1-3.84,4.79,0,3.6,1.89,4.72,3.86,4.72S190,251.62,190,248s-1.95-4.79-3.88-4.79m0,10.74h0c-3.44,0-5.81-2.05-5.81-5.95a5.83,5.83,0,0,1,5.81-6c3.12,0,5.81,1.83,5.81,6a5.79,5.79,0,0,1-5.81,5.95\" transform=\"translate(-67.64 -68.32)\"\/><!-- [et_pb_line_break_holder] -->  <path class=\"cls-1\" d=\"M203.26,253.88l-6.7-8.57a4.36,4.36,0,0,1-.55-.88h-.09c0,.23,0,.71,0,1.15v8.12h-1.49V242.38l1.91-.14.14.08,5.63,7.42a5.44,5.44,0,0,1,.78,1.19H203c0-.3,0-.87,0-1.27v-7.34h1.49v11.56Z\" transform=\"translate(-67.64 -68.32)\"\/><!-- [et_pb_line_break_holder] -->  <path class=\"cls-1\" d=\"M212.29,245.39a5.28,5.28,0,0,1-.43-1.45h-.06a6.19,6.19,0,0,1-.49,1.49L209.82,249h3.84Zm3.28,8.39h0l-.14-.08-1.34-3.56h-4.72l-1.47,3.56-.13.08-1.38-.13,5-11.63h1.36l4.6,11.63Z\" transform=\"translate(-67.64 -68.32)\"\/><!-- [et_pb_line_break_holder] -->  <path class=\"cls-1\" d=\"M226.29,253.7h-7V242.33h1.8v9.55c0,.43.22.54.54.54h4.88Z\" transform=\"translate(-67.64 -68.32)\"\/><!-- [et_pb_line_break_holder] -->  <path class=\"cls-1\" d=\"M240.13,253.78l-.12-.08-4.78-5.89h.61c1.49,0,2.92-.6,2.92-2.26s-1.29-2.13-3-2.13h-1V253.7H233V242.32h3.48c1.94,0,4.26.42,4.26,2.92a3.33,3.33,0,0,1-2.82,3.15l4.43,5.25Z\" transform=\"translate(-67.64 -68.32)\"\/><!-- [et_pb_line_break_holder] -->  <path class=\"cls-1\" d=\"M251.34,253.7h-7V242.33h6.83v1.27h-5V247h4.49v1.29H246.1v3.61c0,.43.22.54.54.54h4.89Z\" transform=\"translate(-67.64 -68.32)\"\/><!-- [et_pb_line_break_holder] -->  <path class=\"cls-1\" d=\"M258.64,245.39a5.58,5.58,0,0,1-.41-1.45h-.07a7.17,7.17,0,0,1-.48,1.49l-1.5,3.58H260Zm3.29,8.39h0l-.13-.08-1.34-3.56h-4.72l-1.48,3.56-.13.08-1.37-.13,5-11.63h1.35l4.61,11.63Z\" transform=\"translate(-67.64 -68.32)\"\/><!-- [et_pb_line_break_holder] -->  <path class=\"cls-1\" d=\"M272.66,253.7h-7V242.33h1.8v9.55c0,.43.23.54.53.54h4.89Z\" transform=\"translate(-67.64 -68.32)\"\/><!-- [et_pb_line_break_holder] -->  <path class=\"cls-1\" d=\"M286.34,253.7h-7V242.33h6.81v1.27h-5V247h4.49v1.29H281.1v3.61c0,.43.23.54.55.54h4.88Z\" transform=\"translate(-67.64 -68.32)\"\/><!-- [et_pb_line_break_holder] -->  <path class=\"cls-1\" d=\"M291.42,253.93a6.78,6.78,0,0,1-3.08-.7l.53-1.3a5.43,5.43,0,0,0,2.65.73c1.22,0,2.63-.53,2.63-1.87,0-1.17-1-1.73-2-2.13l-1.43-.61a3.07,3.07,0,0,1-2.24-2.79c0-2,2-3.22,4-3.22a6,6,0,0,1,2.82.68l-.61,1.36a4.42,4.42,0,0,0-2.39-.76c-1.36,0-2.18.57-2.18,1.48s.79,1.35,1.85,1.83l1.55.66a3.42,3.42,0,0,1,2.32,3c0,2.3-2.14,3.67-4.43,3.67\" transform=\"translate(-67.64 -68.32)\"\/><!-- [et_pb_line_break_holder] -->  <polygon class=\"cls-1\" points=\"235.5 175.3 235.5 185.37 233.72 185.37 233.72 175.3 229.43 175.3 229.43 174 239.76 174 239.76 175.3 235.5 175.3\"\/><!-- [et_pb_line_break_holder] -->  <path class=\"cls-1\" d=\"M312.28,245.39a5.58,5.58,0,0,1-.41-1.45h-.07a6.19,6.19,0,0,1-.49,1.49L309.82,249h3.84Zm3.3,8.39h0l-.15-.08-1.33-3.56h-4.72l-1.48,3.56-.13.08-1.38-.13,5-11.63h1.36l4.61,11.63Z\" transform=\"translate(-67.64 -68.32)\"\/><!-- [et_pb_line_break_holder] -->  <polygon class=\"cls-1\" points=\"254.92 175.3 254.92 185.37 253.13 185.37 253.13 175.3 248.85 175.3 248.85 174 259.18 174 259.18 175.3 254.92 175.3\"\/><!-- [et_pb_line_break_holder] -->  <path class=\"cls-1\" d=\"M335.84,253.7h-7V242.33h6.82v1.27h-5V247h4.49v1.29h-4.49v3.61c0,.43.23.54.54.54H336Z\" transform=\"translate(-67.64 -68.32)\"\/><!-- [et_pb_line_break_holder] -->  <path class=\"cls-1\" d=\"M335.78,227.16a9.64,9.64,0,0,0,9.63,7.08c3.82,0,7.87-2,7.87-5.92,0-7.24-18.31-9.45-18.31-18.23,0-4.17,4.34-7.28,10.15-7.28,4.79,0,5.76,1.26,7.75,1.26a1.17,1.17,0,0,0,1-.51h.91l1,6.38h-1a10,10,0,0,0-9.18-5.93c-3.77,0-6.39,1.91-6.39,4.72,0,7.13,18.31,9.05,18.31,18.28,0,4.93-5,8.59-11.63,8.59-3.15,0-7.14-1.36-7.93-1.36a1.41,1.41,0,0,0-1.14.56h-1l-1.19-7.64ZM324.43,212.3h0c2.85-1.46,4.4-3.22,4.4-5,0-.6-.23-1.05-.8-1.05s-.75.15-1.37.15a2.35,2.35,0,0,1-2.57-2.26c0-1.36,1.37-2.47,3.08-2.47a4,4,0,0,1,4,4.18c0,3.11-2.57,6.12-6.33,7.38Zm-8.78,11.19h-1.08c-.45-3.56-1.54-4-3.87-4h-9.65v10.69c0,2.32,1,2.76,3.09,2.76h8.77c4,0,5.19-1.35,6.61-5.67h1l-.9,7.49H289.37v-1H291c4.56,0,5.36-1.1,5.36-4.12V208.53c0-2.81-.75-4-4.56-4H290.5v-.95h27.38l.45,7h-1c-.75-4.26-2.18-5.17-4.22-5.17h-12v12.35h10.21c2.06,0,3-.85,3.31-3.77h1.08Zm-29,11.31H272.78v-1c3.54-.15,4.28-1,4.28-4.32V208.13c0-2.71-1.09-3.46-4.28-3.62v-.95h13.86v.95c-3.59,0-4.85.71-4.85,4.07v21.29c0,3,.91,4,4.85,4Zm-33.36-4.62h0c0,2.71,1,3.66,4.51,3.66h2.11v1h-18v-1h2.11c3.48,0,4.51-1,4.51-3.66V205.37h-9.93c-2.28,0-3.3,1.15-4.16,5.57h-1l.91-8.13h1.09a.79.79,0,0,0,.62.6,4.26,4.26,0,0,0,1.15.15h27.43c.8,0,1.65-.15,1.77-.75h1.08l.91,8.13h-1c-.85-4.42-1.87-5.57-4.16-5.57h-9.93Zm-43.73-3h0a9.65,9.65,0,0,0,9.63,7.08c3.83,0,7.88-2,7.88-5.92,0-7.24-18.31-9.45-18.31-18.23,0-4.17,4.33-7.28,10.16-7.28,4.78,0,5.75,1.26,7.74,1.26a1.14,1.14,0,0,0,1-.51h.91l1,6.38h-1a10,10,0,0,0-9.18-5.93c-3.76,0-6.38,1.91-6.38,4.72,0,7.13,18.31,9.05,18.31,18.28,0,4.93-5,8.59-11.64,8.59-3.14,0-7.12-1.36-7.92-1.36a1.41,1.41,0,0,0-1.14.56h-1l-1.19-7.64Zm-6.15,7.64H189.54v-1c3.55-.15,4.28-1,4.28-4.32V208.13c0-2.71-1.08-3.46-4.28-3.62v-.95H203.4v.95c-3.59,0-4.84.71-4.84,4.07v21.29c0,3,.91,4,4.84,4Zm-42-14.57h0a15.82,15.82,0,0,0,3.07.4c6.23,0,10.22-3.71,10.22-8.79,0-3.91-1.77-7.77-9.36-7.77a26.21,26.21,0,0,0-3.93.2Zm0,1h0V230c0,2.81,1,3.86,4.57,3.86h1.87v1h-15.8v-1h.81c3,0,3.82-.55,3.82-2.91V207.18c0-1.87-.69-2.67-2.68-2.67h-2.85v-.95c1.59-.05,4.38-.2,7.18-.3s5.53-.15,7.07-.15c11.92,0,14.66,5,14.66,8.88,0,5.88-5.31,8-6.73,8.5l6.79,9a37.09,37.09,0,0,0,3.14,3.46,6.86,6.86,0,0,0,3.18,1.57v.9h-.74c-5.53,0-8.84-2.47-14.71-11a20.51,20.51,0,0,0-2.39-3,29.22,29.22,0,0,1-7.19-.3m-45.28-1.3h0v9.54c0,3.27.74,4.42,4.56,4.42h.18v1H106.57v-1h.34c3.37,0,4.51-.8,4.51-3.66v-22.1c0-2.61-1-3.37-4.12-3.57v-.95h13.59v.95c-4,0-4.74,1-4.74,4.82v8.74h22.36v-9.89c0-2.67-1-3.67-4.51-3.67h-1.08v-.95h14.65v.95c-3.42.11-4.34,1-4.34,4.13v20.83c0,3.57,1.15,4.37,4.56,4.37h.58v1H132.23v-1H134c3.7,0,4.51-1.15,4.51-3.77V219.88Zm-14.7-8.08h0c-1.88-4.67-6.78-7.73-13-7.73-9.53,0-15.46,6.07-15.46,14.5a15.82,15.82,0,0,0,16.08,15.77A15.57,15.57,0,0,0,103,226.91h1.09a32,32,0,0,1-3.65,7.33c-3.65-.45-6.16,1.36-12.89,1.36-11.58,0-19.89-6.73-19.89-16,0-9.74,8.54-16.77,20.47-16.77,7.18,0,10.26,2,12,2,.63,0,.91-.15,1-.31H102l.51,7.29Z\" transform=\"translate(-67.64 -68.32)\"\/><!-- [et_pb_line_break_holder] -->  <rect class=\"cls-2\" x=\"23.36\" y=\"174.01\" width=\"1.79\" height=\"11.37\"\/><!-- [et_pb_line_break_holder] -->  <path class=\"cls-1\" d=\"M105.15,253.88l-6.7-8.57a4.39,4.39,0,0,1-.56-.88h-.08c0,.23,0,.71,0,1.15v8.12H96.34V242.38l1.91-.14.14.08,5.63,7.42a5.44,5.44,0,0,1,.78,1.19h.07c0-.3,0-.87,0-1.27v-7.34h1.5v11.56Z\" transform=\"translate(-67.64 -68.32)\"\/><!-- [et_pb_line_break_holder] -->  <polygon class=\"cls-1\" points=\"46.79 175.3 46.79 185.37 45 185.37 45 175.3 40.72 175.3 40.72 174 51.05 174 51.05 175.3 46.79 175.3\"\/><!-- [et_pb_line_break_holder] -->  <path class=\"cls-1\" d=\"M127.71,253.7h-7V242.33h6.83v1.27h-5V247H127v1.29h-4.49v3.61c0,.43.22.54.54.54h4.88Z\" transform=\"translate(-67.64 -68.32)\"\/><!-- [et_pb_line_break_holder] -->  <path class=\"cls-1\" d=\"M137.45,253.78l-.12-.08-4.78-5.89h.61c1.5,0,2.93-.6,2.93-2.26s-1.29-2.13-3-2.13h-1V253.7h-1.8V242.32h3.48c1.95,0,4.27.42,4.27,2.92a3.33,3.33,0,0,1-2.82,3.15l4.43,5.25Z\" transform=\"translate(-67.64 -68.32)\"\/><!-- [et_pb_line_break_holder] -->  <path class=\"cls-1\" d=\"M150.45,253.88l-6.69-8.57a3.66,3.66,0,0,1-.56-.88h-.08c0,.23,0,.71,0,1.15v8.12h-1.5V242.38l1.92-.14.14.08,5.63,7.42a5.86,5.86,0,0,1,.79,1.19h.07c0-.3,0-.87,0-1.27v-7.34h1.5v11.56Z\" transform=\"translate(-67.64 -68.32)\"\/><!-- [et_pb_line_break_holder] -->  <path class=\"cls-1\" d=\"M159.48,245.39a5.65,5.65,0,0,1-.43-1.45H159a6.12,6.12,0,0,1-.47,1.49L157,249h3.85Zm3.28,8.39h0l-.14-.08-1.34-3.56h-4.71l-1.47,3.56-.15.08-1.37-.13,5-11.63h1.37l4.59,11.63Z\" transform=\"translate(-67.64 -68.32)\"\/><!-- [et_pb_line_break_holder] -->  <polygon class=\"cls-1\" points=\"102.11 175.3 102.11 185.37 100.32 185.37 100.32 175.3 96.05 175.3 96.05 174 106.36 174 106.36 175.3 102.11 175.3\"\/><!-- [et_pb_line_break_holder] -->  <rect class=\"cls-2\" x=\"108.41\" y=\"174.01\" width=\"1.79\" height=\"11.37\"\/><!-- [et_pb_line_break_holder] -->  <path class=\"cls-1\" d=\"M186.12,243.23c-1.81,0-3.84,1-3.84,4.79,0,3.6,1.89,4.72,3.86,4.72S190,251.62,190,248s-1.95-4.79-3.88-4.79m0,10.74h0c-3.44,0-5.81-2.05-5.81-5.95a5.83,5.83,0,0,1,5.81-6c3.12,0,5.81,1.83,5.81,6a5.79,5.79,0,0,1-5.81,5.95\" transform=\"translate(-67.64 -68.32)\"\/><!-- [et_pb_line_break_holder] -->  <path class=\"cls-1\" d=\"M203.26,253.88l-6.7-8.57a4.36,4.36,0,0,1-.55-.88h-.09c0,.23,0,.71,0,1.15v8.12h-1.49V242.38l1.91-.14.14.08,5.63,7.42a5.44,5.44,0,0,1,.78,1.19H203c0-.3,0-.87,0-1.27v-7.34h1.49v11.56Z\" transform=\"translate(-67.64 -68.32)\"\/><!-- [et_pb_line_break_holder] -->  <path class=\"cls-1\" d=\"M212.29,245.39a5.28,5.28,0,0,1-.43-1.45h-.06a6.19,6.19,0,0,1-.49,1.49L209.82,249h3.84Zm3.28,8.39h0l-.14-.08-1.34-3.56h-4.72l-1.47,3.56-.13.08-1.38-.13,5-11.63h1.36l4.6,11.63Z\" transform=\"translate(-67.64 -68.32)\"\/><!-- [et_pb_line_break_holder] -->  <path class=\"cls-1\" d=\"M226.29,253.7h-7V242.33h1.8v9.55c0,.43.22.54.54.54h4.88Z\" transform=\"translate(-67.64 -68.32)\"\/><!-- [et_pb_line_break_holder] -->  <path class=\"cls-1\" d=\"M240.13,253.78l-.12-.08-4.78-5.89h.61c1.49,0,2.92-.6,2.92-2.26s-1.29-2.13-3-2.13h-1V253.7H233V242.32h3.48c1.94,0,4.26.42,4.26,2.92a3.33,3.33,0,0,1-2.82,3.15l4.43,5.25Z\" transform=\"translate(-67.64 -68.32)\"\/><!-- [et_pb_line_break_holder] -->  <path class=\"cls-1\" d=\"M251.34,253.7h-7V242.33h6.83v1.27h-5V247h4.49v1.29H246.1v3.61c0,.43.22.54.54.54h4.89Z\" transform=\"translate(-67.64 -68.32)\"\/><!-- [et_pb_line_break_holder] -->  <path class=\"cls-1\" d=\"M258.64,245.39a5.58,5.58,0,0,1-.41-1.45h-.07a7.17,7.17,0,0,1-.48,1.49l-1.5,3.58H260Zm3.29,8.39h0l-.13-.08-1.34-3.56h-4.72l-1.48,3.56-.13.08-1.37-.13,5-11.63h1.35l4.61,11.63Z\" transform=\"translate(-67.64 -68.32)\"\/><!-- [et_pb_line_break_holder] -->  <path class=\"cls-1\" d=\"M272.66,253.7h-7V242.33h1.8v9.55c0,.43.23.54.53.54h4.89Z\" transform=\"translate(-67.64 -68.32)\"\/><!-- [et_pb_line_break_holder] -->  <path class=\"cls-1\" d=\"M286.34,253.7h-7V242.33h6.81v1.27h-5V247h4.49v1.29H281.1v3.61c0,.43.23.54.55.54h4.88Z\" transform=\"translate(-67.64 -68.32)\"\/><!-- [et_pb_line_break_holder] -->  <path class=\"cls-1\" d=\"M291.42,253.93a6.78,6.78,0,0,1-3.08-.7l.53-1.3a5.43,5.43,0,0,0,2.65.73c1.22,0,2.63-.53,2.63-1.87,0-1.17-1-1.73-2-2.13l-1.43-.61a3.07,3.07,0,0,1-2.24-2.79c0-2,2-3.22,4-3.22a6,6,0,0,1,2.82.68l-.61,1.36a4.42,4.42,0,0,0-2.39-.76c-1.36,0-2.18.57-2.18,1.48s.79,1.35,1.85,1.83l1.55.66a3.42,3.42,0,0,1,2.32,3c0,2.3-2.14,3.67-4.43,3.67\" transform=\"translate(-67.64 -68.32)\"\/><!-- [et_pb_line_break_holder] -->  <polygon class=\"cls-1\" points=\"235.5 175.3 235.5 185.37 233.72 185.37 233.72 175.3 229.43 175.3 229.43 174 239.76 174 239.76 175.3 235.5 175.3\"\/><!-- [et_pb_line_break_holder] -->  <path class=\"cls-1\" d=\"M312.28,245.39a5.58,5.58,0,0,1-.41-1.45h-.07a6.19,6.19,0,0,1-.49,1.49L309.82,249h3.84Zm3.3,8.39h0l-.15-.08-1.33-3.56h-4.72l-1.48,3.56-.13.08-1.38-.13,5-11.63h1.36l4.61,11.63Z\" transform=\"translate(-67.64 -68.32)\"\/><!-- [et_pb_line_break_holder] -->  <polygon class=\"cls-1\" points=\"254.92 175.3 254.92 185.37 253.13 185.37 253.13 175.3 248.85 175.3 248.85 174 259.18 174 259.18 175.3 254.92 175.3\"\/><!-- [et_pb_line_break_holder] --><\/svg>[\/et_pb_code][\/et_pb_column][et_pb_column type=&#8221;2_3&#8243; _builder_version=&#8221;3.26.6&#8243;][et_pb_text _builder_version=&#8221;3.26.6&#8243;]<\/p>\n<p><strong>Porta da Frente<\/strong><span>\u00a0<\/span>Sociedade de Media\u00e7\u00e3o Imobili\u00e1ria, Lda, with corporate taxation number 503552704 and with headquarters at Avenida Marginal 8648 B Cascais, hereby defines its Data Protection Policy with a view to protecting the personal data of its clients which is gathered within the scope of its activities in the Real Estate Market<\/p>\n<p>Personal data we gather, their uses and retention period: Personal data gathered, such as, Full Name; Gender; Date of Birth; Place of Birth; Nationality(ies); Identification Document; Taxation Number; Profession and Employer Details; Documents in relation to the property(ies); Full Address of Permanent Residence; Telephone \/ Mobile Telephone Numbers; Email Address, and having obtained the consent of the individual(s) in queston, are destined for use in any future communications from<span>\u00a0<\/span><strong>Porta da Frente<\/strong><span>\u00a0<\/span>to the said individual(s) and which could take place by telphone, email, SMS, land mail, for the purposes of marketing, giving information about new properties coming onto the market, events, trade fairs, for contactual ends and for the fulfilment of current legislation in force, namely Law no. 83\/2017 of 18 August, which establishes measures to fight money laundering and the financing of terrorism, and such notifications shall be filed and kept for the period necessary until such time that they have been completely dealt with taking into account necessary legal criteria while minimising their retention time. Consent from the individual(s) in question regarding their personal data gathered must be obtained beforehand, freely, notified, specifically and unequivocally, in a written or oral declaration, or by the validation of any option.<span>\u00a0<\/span><strong>Porta da Frente<\/strong><span>\u00a0<\/span>is resposible for the handling of personal data, having previously named a person to be in charge to this effect.<\/p>\n<p>Personal information is kept in secure networks which may only be accessed by a limited number of personnel who have been given the right to special access, and who promise to observe and maintain the confidential nature of such information. Confidentiality and security of data gathered as well as access, corrections or elimination of the same is guaranteed to the individual(s) in question. To gain access, correct or eliminate any personal data which has been supplied, it is sufficient only to notify such by email to<span>\u00a0<\/span>apoio.cliente@portadafrente.pt<span>\u00a0<\/span>or by registered letter with advice of receipt sent to the Person in Charge of Data Protection at<span>\u00a0<\/span><strong>Porta da Frente<\/strong><span>\u00a0<\/span>headquarters at Avenida Marginal 8648 B 2750-427 Cascais. Once such a request has been received,<span>\u00a0<\/span><strong>Porta da Frente<\/strong><span>\u00a0<\/span>shall immediately proceed to cancel the data, withholding them and keeping them solely and exclusively for ensuring the fulfilment of its legal and contractual obligations.<\/p>\n<p>[\/et_pb_text][\/et_pb_column][\/et_pb_row][\/et_pb_section]<\/p>\n","protected":false},"excerpt":{"rendered":"<p>Porta da Frente\u00a0Sociedade de Media\u00e7\u00e3o Imobili\u00e1ria, Lda, with corporate taxation number 503552704 and with headquarters at Avenida Marginal 8648 B Cascais, hereby defines its Data Protection Policy with a view to protecting the personal data of its clients which is gathered within the scope of its activities in the Real Estate Market Personal data we [&hellip;]<\/p>\n","protected":false},"author":1,"featured_media":0,"parent":0,"menu_order":0,"comment_status":"closed","ping_status":"closed","template":"","meta":{"_et_pb_use_builder":"on","_et_pb_old_content":"<!-- wp:divi\/placeholder \/-->","_et_gb_content_width":""},"_links":{"self":[{"href":"https:\/\/www.portadafrente.pt\/ebook\/wp-json\/wp\/v2\/pages\/180"}],"collection":[{"href":"https:\/\/www.portadafrente.pt\/ebook\/wp-json\/wp\/v2\/pages"}],"about":[{"href":"https:\/\/www.portadafrente.pt\/ebook\/wp-json\/wp\/v2\/types\/page"}],"author":[{"embeddable":true,"href":"https:\/\/www.portadafrente.pt\/ebook\/wp-json\/wp\/v2\/users\/1"}],"replies":[{"embeddable":true,"href":"https:\/\/www.portadafrente.pt\/ebook\/wp-json\/wp\/v2\/comments?post=180"}],"version-history":[{"count":2,"href":"https:\/\/www.portadafrente.pt\/ebook\/wp-json\/wp\/v2\/pages\/180\/revisions"}],"predecessor-version":[{"id":183,"href":"https:\/\/www.portadafrente.pt\/ebook\/wp-json\/wp\/v2\/pages\/180\/revisions\/183"}],"wp:attachment":[{"href":"https:\/\/www.portadafrente.pt\/ebook\/wp-json\/wp\/v2\/media?parent=180"}],"curies":[{"name":"wp","href":"https:\/\/api.w.org\/{rel}","templated":true}]}}